{"id":33,"date":"2022-08-23T15:41:40","date_gmt":"2022-08-23T13:41:40","guid":{"rendered":"https:\/\/www.evakovarova.cz\/?page_id=33"},"modified":"2023-11-09T15:54:17","modified_gmt":"2023-11-09T14:54:17","slug":"ajurvedsky-kruh","status":"publish","type":"page","link":"https:\/\/www.evakovarova.cz\/","title":{"rendered":"\u00davod"},"content":{"rendered":"\n<p class=\"has-text-align-center has-medium-font-size\">Jsem alchymista prvotn\u00ed jiskry \u017eivosti, radosti a v\u00e1\u0161n\u011b skrze t\u011blesn\u00fd pro\u017eitek.<\/p>\n\n\n\n<p class=\"has-text-align-center has-medium-font-size\">Vytvo\u0159ila jsem tento prostor pro \u017eeny, kter\u00e9 se rozhodly d\u00e1t prioritu \u017eivotu v sob\u011b. M\u016f\u017eeme se spolu no\u0159it do z\u00e1kout\u00ed t\u011bla pro odpov\u011bdi, kter\u00e9 hled\u00e1me, nebo\u0165 na\u0161e t\u011blo v\u00ed v\u0161e, pokud jsme s n\u00edm ve spojen\u00ed. M\u016f\u017eeme spolu zkoumat tajemstv\u00ed \u017eensk\u00e9ho principu, aby byla na\u0161e vnit\u0159n\u00ed \u017eena opravdu \u0161\u0165astn\u00e1 a p\u0159ita\u017eliv\u00e1 pro nov\u00e9 projekty, ud\u00e1losti \u010di partnera.<\/p>\n\n\n\n<p class=\"has-text-align-center\"><mark style=\"background-color:rgba(0, 0, 0, 0);color:#b7a40e\" class=\"has-inline-color\">&#8222;Obsa\u010f pozornost\u00ed sv\u00e9 t\u011blo, kter\u00e9 ji tou\u017eebn\u011b o\u010dek\u00e1v\u00e1, obejmi ho, naslouchej mu a zjisti jeho opravdov\u00e9 pot\u0159eby. Poj\u010f sama se sebou na rande a zamiluj se do \u017eivota v sob\u011b. Pozoruj, jak se vn\u011bj\u0161\u00ed realita za\u010dne pozitivn\u011b m\u011bnit.&#8220;<\/mark><\/p>\n\n\n\n<p><\/p>\n\n\n\n<p class=\"has-text-align-center\">vyzkou\u0161ej AJURV\u00c9DSK\u00dd KRUH pro nav\u00fd\u0161en\u00ed radosti, \u017eivosti i v\u00e1\u0161n\u011b<\/p>\n\n\n\n<p class=\"has-text-align-center\">Ajurv\u00e9dsk\u00e1 sebe-p\u00e9\u010de, j\u00f3ga, meditace a kreativn\u00ed vyj\u00e1d\u0159en\u00ed sebe sama<\/p>\n\n\n\n<div class=\"wp-block-buttons is-layout-flex wp-block-buttons-is-layout-flex\">\n<div class=\"wp-block-button has-custom-width wp-block-button__width-100 is-style-fill\"><a class=\"wp-block-button__link has-white-color has-accent-background-color has-text-color has-background has-link-color wp-element-button\" href=\"https:\/\/www.evakovarova.cz\/?page_id=157\">Dej si prvn\u00ed rande &#8211; zn. NEZ\u00c1VAZN\u011a:) &#8211; 22.9. 18:30 &#8211; 20:30<\/a><\/div>\n<\/div>\n\n\n\n<p><\/p>\n\n\n\n<p><\/p>\n\n\n\n<p class=\"has-text-align-center has-medium-font-size\"><mark style=\"background-color:rgba(0, 0, 0, 0);color:#b99c1c\" class=\"has-inline-color\">\u201ePOZNEJ SV\u00c9 DARY A ZA\u010cNI JE \u017d\u00cdT, UV\u011aDOM SI SV\u00c9 SLAB\u00c9 STR\u00c1NKY A S\u00a0LASKAVOST\u00cd O N\u011a PE\u010cUJ, A\u0164 NEVZNIK\u00c1 NEMOC&#8220;<\/mark><\/p>\n\n\n\n<p><\/p>\n\n\n\n<p><\/p>\n\n\n\n<div class=\"wp-block-cover alignfull\"><span aria-hidden=\"true\" class=\"wp-block-cover__background has-background-dim\"><\/span><img loading=\"lazy\" decoding=\"async\" width=\"2560\" height=\"1438\" class=\"wp-block-cover__image-background wp-image-115\" alt=\"\" src=\"https:\/\/www.evakovarova.cz\/wp-content\/uploads\/2022\/08\/chutney-scaled.jpg\" style=\"object-position:50% 50%\" data-object-fit=\"cover\" data-object-position=\"50% 50%\" srcset=\"https:\/\/www.evakovarova.cz\/wp-content\/uploads\/2022\/08\/chutney-scaled.jpg 2560w, https:\/\/www.evakovarova.cz\/wp-content\/uploads\/2022\/08\/chutney-300x169.jpg 300w, https:\/\/www.evakovarova.cz\/wp-content\/uploads\/2022\/08\/chutney-1024x575.jpg 1024w, https:\/\/www.evakovarova.cz\/wp-content\/uploads\/2022\/08\/chutney-768x432.jpg 768w, https:\/\/www.evakovarova.cz\/wp-content\/uploads\/2022\/08\/chutney-1536x863.jpg 1536w, https:\/\/www.evakovarova.cz\/wp-content\/uploads\/2022\/08\/chutney-2048x1151.jpg 2048w\" sizes=\"auto, (max-width: 2560px) 100vw, 2560px\" \/><div class=\"wp-block-cover__inner-container is-layout-flow wp-block-cover-is-layout-flow\">\n<h2 class=\"wp-block-heading has-text-align-center has-white-color has-text-color has-large-font-size\"><strong>St\u00e1hni si 10 tip\u016f pro zdrav\u00e9 tr\u00e1ven\u00ed a spokojen\u00e9 b\u0159icho<\/strong><\/h2>\n\n\n\n<p class=\"has-text-align-center has-white-color has-text-color\">Tajemstv\u00ed z\u00e1kladn\u00edch ajurv\u00e9dsk\u00fdch princip\u016f<\/p>\n\n\n\n<div class=\"wp-block-buttons is-content-justification-center is-layout-flex wp-container-core-buttons-is-layout-16018d1d wp-block-buttons-is-layout-flex\">\n<div class=\"wp-block-button\"><a class=\"wp-block-button__link has-white-color has-accent-background-color has-text-color has-background has-link-color wp-element-button\" href=\"https:\/\/www.evakovarova.cz\/?page_id=239\">St\u00e1hnout<\/a><\/div>\n<\/div>\n<\/div><\/div>\n","protected":false},"excerpt":{"rendered":"<p>Jsem alchymista prvotn\u00ed jiskry \u017eivosti, radosti a v\u00e1\u0161n\u011b skrze t\u011blesn\u00fd pro\u017eitek. Vytvo\u0159ila jsem tento prostor pro \u017eeny, kter\u00e9 se rozhodly d\u00e1t prioritu \u017eivotu v sob\u011b. M\u016f\u017eeme se spolu no\u0159it do z\u00e1kout\u00ed t\u011bla pro odpov\u011bdi, kter\u00e9 hled\u00e1me, nebo\u0165 na\u0161e t\u011blo v\u00ed v\u0161e, pokud jsme s n\u00edm ve spojen\u00ed. M\u016f\u017eeme spolu zkoumat [&hellip;]<\/p>\n","protected":false},"author":1,"featured_media":0,"parent":0,"menu_order":0,"comment_status":"closed","ping_status":"closed","template":"","meta":{"footnotes":""},"class_list":["post-33","page","type-page","status-publish","hentry"],"_links":{"self":[{"href":"https:\/\/www.evakovarova.cz\/index.php?rest_route=\/wp\/v2\/pages\/33","targetHints":{"allow":["GET"]}}],"collection":[{"href":"https:\/\/www.evakovarova.cz\/index.php?rest_route=\/wp\/v2\/pages"}],"about":[{"href":"https:\/\/www.evakovarova.cz\/index.php?rest_route=\/wp\/v2\/types\/page"}],"author":[{"embeddable":true,"href":"https:\/\/www.evakovarova.cz\/index.php?rest_route=\/wp\/v2\/users\/1"}],"replies":[{"embeddable":true,"href":"https:\/\/www.evakovarova.cz\/index.php?rest_route=%2Fwp%2Fv2%2Fcomments&post=33"}],"version-history":[{"count":58,"href":"https:\/\/www.evakovarova.cz\/index.php?rest_route=\/wp\/v2\/pages\/33\/revisions"}],"predecessor-version":[{"id":655,"href":"https:\/\/www.evakovarova.cz\/index.php?rest_route=\/wp\/v2\/pages\/33\/revisions\/655"}],"wp:attachment":[{"href":"https:\/\/www.evakovarova.cz\/index.php?rest_route=%2Fwp%2Fv2%2Fmedia&parent=33"}],"curies":[{"name":"wp","href":"https:\/\/api.w.org\/{rel}","templated":true}]}}